{"id":1412,"date":"2021-03-13T11:49:54","date_gmt":"2021-03-13T10:49:54","guid":{"rendered":"https:\/\/dialogue.epaps.fr\/?post_type=consultations&#038;p=1412"},"modified":"2024-01-30T16:43:51","modified_gmt":"2024-01-30T15:43:51","slug":"concertation-prealable-a-la-creation-du-quartier-des-savoir-zac-gare-de-guyancourt-saint-quentin","status":"publish","type":"consultations","link":"https:\/\/dialogue.epaps.fr\/concertations\/concertation-prealable-a-la-creation-du-quartier-des-savoir-zac-gare-de-guyancourt-saint-quentin\/","title":{"rendered":"Concertation pr\u00e9alable \u00e0 la cr\u00e9ation du Quartier des Savoirs, ZAC Gare de Guyancourt &#8211; Saint-Quentin"},"featured_media":0,"template":"","class_list":["post-1412","consultations","type-consultations","status-publish","hentry","area-gare-de-guyancourt-saint-quentin"],"acf":[],"_links":{"self":[{"href":"https:\/\/dialogue.epaps.fr\/api\/wp\/v2\/consultations\/1412","targetHints":{"allow":["GET"]}}],"collection":[{"href":"https:\/\/dialogue.epaps.fr\/api\/wp\/v2\/consultations"}],"about":[{"href":"https:\/\/dialogue.epaps.fr\/api\/wp\/v2\/types\/consultations"}],"wp:attachment":[{"href":"https:\/\/dialogue.epaps.fr\/api\/wp\/v2\/media?parent=1412"}],"curies":[{"name":"wp","href":"https:\/\/api.w.org\/{rel}","templated":true}]}}

Concertation préalable à la création du Quartier des Savoirs, ZAC Gare de Guyancourt &#8211; Saint-Quentin
