{"id":313,"date":"2018-12-20T10:07:46","date_gmt":"2018-12-20T09:07:46","guid":{"rendered":"https:\/\/dialogue.epaps.fr\/?post_type=consultations&#038;p=313"},"modified":"2019-03-07T10:51:26","modified_gmt":"2019-03-07T09:51:26","slug":"reunion-publique-de-synthese-de-la-concertation-prealable-zone-damenagement-concerte-versailles-satory-ouest","status":"publish","type":"consultations","link":"https:\/\/dialogue.epaps.fr\/concertations\/reunion-publique-de-synthese-de-la-concertation-prealable-zone-damenagement-concerte-versailles-satory-ouest\/","title":{"rendered":"Concertation pr\u00e9alable \u00e0 la cr\u00e9ation de la ZAC Satory Ouest"},"featured_media":0,"template":"","class_list":["post-313","consultations","type-consultations","status-publish","hentry","area-versailles-satory-ouest"],"acf":[],"_links":{"self":[{"href":"https:\/\/dialogue.epaps.fr\/api\/wp\/v2\/consultations\/313","targetHints":{"allow":["GET"]}}],"collection":[{"href":"https:\/\/dialogue.epaps.fr\/api\/wp\/v2\/consultations"}],"about":[{"href":"https:\/\/dialogue.epaps.fr\/api\/wp\/v2\/types\/consultations"}],"wp:attachment":[{"href":"https:\/\/dialogue.epaps.fr\/api\/wp\/v2\/media?parent=313"}],"curies":[{"name":"wp","href":"https:\/\/api.w.org\/{rel}","templated":true}]}}

Concertation préalable à la création de la ZAC Satory Ouest
